 be (-364)/(-6) - h/57. Let q = -11 + t. What is the units digit of q?
0
Let o(k) = -7*k + 28. Let d be o(4). Suppose d = -4*p - 4*x + 6*x + 1928, 0 = -5*p + 4*x + 2416. What is the units digit of p?
0
What is the thousands digit of (13/(416/250296))/((-45)/(-240))?
1
Let b(x) = 410*x**2 - 25*x + 84. What is the tens digit of b(5)?
0
Suppose -143514 = -504*q + 462*q. What is the hundreds digit of q?
4
Let a(j) = j**3 - 107*j**2 + 155*j + 743. What is the ten thousands digit of a(108)?
2
Let z(c) = -c**3 - 5*c**2 - 6*c - 25. Let a be z(-17). Let n = -1919 + a. What is the thousands digit of n?
1
Suppose 5*w + 10*w - 75 = 0. Suppose -8556 = -28*j + w*j. What is the hundreds digit of j?
3
Suppose -1873397 + 281657 = -51*o - 134*o. What is the tens digit of o?
0
Let t = 39 - 45. Let h be (144 - t)*3/(-9)*-2. Suppose -4*q - h = -6*q. What is the units digit of q?
0
Let i(m) = 111 - 8*m - 6*m - 3*m + 9*m + m. What is the tens digit of i(8)?
5
Let y(b) be the third derivative of b**5/4 - b**4/12 + b**3/6 + 4*b**2. Let t be y(1). Let a(d) = d**3 - 14*d**2 - d + 15. What is the units digit of a(t)?
1
Suppose 19 + 6 = 5*g - 5*k, 3*k = 2*g - 5. Suppose -5*u = -5*h - 12 - 13, u + 3*h - 1 = 0. Suppose -g*f = -u*f - 330. What is the tens digit of f?
5
Let q(u) be the third derivative of -u**4/12 - 17*u**3/3 - 12*u**2. Let n be q(-18). Suppose -n*c = 2*c, 655 = 5*f + 3*c. What is the units digit of f?
1
Let f = 16808 + 13256. What is the tens digit of f?
6
Suppose -4*u + 3*m - 8 = -22, 8 = -4*m. Suppose -219 = -2*t + x, 3*t = x + u*x + 327. Suppose -163 - t = -7*z. What is the tens digit of z?
3
What is the hundreds digit of -153*(96 + -90 + (-44)/6)?
2
Suppose 4*f - 3*h = 61140 + 5368, 0 = 2*f - 5*h - 33282. What is the ten thousands digit of f?
1
Let t = -221 - -241. Suppose 6760 = t*g - 240. What is the tens digit of g?
5
Suppose -4*g + 6*g - 5*u - 128 = 0, -4*u = 16. Suppose -6*v + g - 12 = 0. Suppose v*x = x + 1062. What is the hundreds digit of x?
1
Suppose 0 = -222*q + 7387576 + 4173074. What is the tens digit of q?
7
Let b(s) = 4*s**2 - 50*s - 30. Let j = 230 + -209. What is the units digit of b(j)?
4
Let s(y) = 713*y - 835. What is the thousands digit of s(8)?
4
Let z(m) = 7*m**2 + 7*m + 13. Let c be z(-4). Suppose -c*a - 567 = -100*a. What is the tens digit of a?
8
What is the ten thousands digit of (-1018566)/(-66) + 4 + 126/(-33)?
1
Let z(j) = -j**3 + 14*j**2 - 10*j - 24. Let w(g) = 2*g + 2. Let k be w(4). What is the hundreds digit of z(k)?
2
Suppose 0 = -47*p + 42*p - 60*p + 880685. What is the thousands digit of p?
3
Suppose 2*d - 164 = -0*d. Suppose -2*i + d = -2*b, i - 7 = 4*b + 28. Suppose -37*u + i*u = 576. What is the tens digit of u?
9
Let j(y) = -y**2 + 21*y - 63. Let m be j(14). Let i be (-4 + m/10)*2. What is the hundreds digit of i/((-1190)/(-1195) + -1)?
2
Let i(w) be the third derivative of -w**6/20 - w**5/60 - 3*w**3/2 + 25*w**2 + w. What is the tens digit of i(-3)?
4
Let a(n) be the first derivative of 17*n - 1/4*n**4 - 11 - 8*n**2 + 4*n**3. What is the hundreds digit of a(9)?
1
Let b be 3 + (25/5 - 8). Let w(k) = -k**2 - k + 49. What is the units digit of w(b)?
9
What is the tens digit of ((-9975)/50)/57*1828/(-1)?
9
Let u(q) = q**2 + 15*q - 10. Suppose 5*h + m + 2*m + 124 = 0, 0 = 3*h - 5*m + 54. What is the hundreds digit of u(h)?
1
Let q(r) = 34*r**2 + 810. What is the units digit of q(-23)?
6
Let u = 53 - 56. Let b be (401 - -5) + (u - -2). Suppose z + 4*z = -5*q + b, 5*z = q - 111. What is the units digit of q?
6
Let a be ((-1)/(-2) + -1)*20. What is the tens digit of (-496)/(-310)*38/(-8)*a?
7
What is the units digit of (-1218)/12*(-132)/2?
9
Suppose -16*k = -4*k + 19580 - 78308. What is the tens digit of k?
9
Suppose -615 = -s - 4*s. Let q = 23672 + -23386. Let p = q - s. What is the hundreds digit of p?
1
Suppose -3*k + x + 25 = 5*x, x = -5*k + 19. Suppose -5*m = a - 9370, -5*m + 3*m + k*a + 3731 = 0. What is the tens digit of m?
7
Suppose 0 = -2*s + 4, 5*q = -6*s + 2*s + 23. Suppose 0 = -3*k + q*k - 5*k. Suppose 4*n = -z - k*z + 33, z - 4*n = 65. What is the tens digit of z?
4
Suppose 0 = 42*p - 55*p + 29926. What is the tens digit of p?
0
Let l(j) = j**3 + 13*j**2 + 19*j + 8. Let d = 69 + -74. Let a(z) = z**2 + 10*z + 15. Let v be a(d). What is the tens digit of l(v)?
1
Let g be -4 + 26/(-13)*4/(-2). Suppose -2*r - 2*c + 107 + 141 = 0, g = -4*c + 12. What is the hundreds digit of r?
1
Let t(c) = -435*c - 2. Let v be t(-1). Let g = v + -202. What is the hundreds digit of g?
2
Let v = 126734 - 63323. What is the ten thousands digit of v?
6
Let w = 137 + -132. Suppose 14*m = w*m + 8712. What is the tens digit of m?
6
What is the hundreds digit of (-6)/(-21) + 4078538/238?
1
Let f(s) = 4*s**3 - 50*s**2 - 41*s + 511. What is the thousands digit of f(23)?
1
Let f = -801 - -2868. Suppose -523 + f = 4*u. What is the units digit of u?
6
What is the units digit of 143958/15 + (-11)/55?
7
Suppose -9809 - 223635 = -17*f. What is the hundreds digit of f?
7
Let c(s) = -7*s**2 + 9*s**2 - 3*s**2 - 2. Let r be c(-2). What is the units digit of 7*46*(-3)/r?
1
Let r = 26822 + -4637. What is the ten thousands digit of r?
2
Let s = -363 + 371. Suppose 0 = s*a - 2215 - 8009. What is the tens digit of a?
7
Suppose 0 = -o + 3*u + 11, -3*o - 2*u - 2 = -o. Suppose -3*p + 4*v + 57 = 0, 0 = -3*p + o*p - 5*v + 38. What is the units digit of p?
3
Let g(h) = 17*h + 30. Let x be g(38). Suppose 2*n = 28*a - 31*a + 1014, 2*a - 2*n - x = 0. What is the hundreds digit of a?
3
Suppose -5*v - 4*h = -7*v + 1112, -h = -4. What is the tens digit of v?
6
Suppose 542 = 4*p - 2294. Suppose 4*j - 1386 = 4*x + 62, -2*j - 3*x = -p. Suppose j = -13*c + 1789. What is the tens digit of c?
1
Let x(k) = 6*k**2 + 18*k + 286. What is the units digit of x(-23)?
6
Let g = -633 - -267. Let q = 482 + g. What is the hundreds digit of q?
1
Suppose 3*j - 7*v = 41826, 0 = -5*j - 5*v + 72522 - 2912. What is the ten thousands digit of j?
1
Let d(m) = 42*m + 16. Let w be d(1). Suppose 70 = 3*g - s, 3*g - w = -3*s + 8. What is the units digit of g?
3
Let d = -27 + 14. Let u = d + 16. Suppose 0 = x + u*x - 3*y - 328, 0 = -2*x + 2*y + 162. What is the tens digit of x?
8
Suppose -t + 36 - 31 = 0. Suppose -3*a + 6 = 2*h - 0*h, -t*h - 5*a + 20 = 0. What is the units digit of 271/2*1 - (-3)/h?
6
Let j(r) = -36*r - 194. Let b(s) = -9*s - 49. Let f(k) = 9*b(k) - 2*j(k). What is the tens digit of f(-19)?
1
Suppose 4*p = 17 - 9. Suppose -p*v = 4*s - 1714, 3*v - 847 = -2*s - 0*v. What is the hundreds digit of s?
4
Let h(g) = 3*g**2 + 22*g - 7. Let r be h(-8). Suppose -r*y + 40 = -y. Suppose 0*n + y*n = 4*b + 554, 0 = 4*n + 3*b - 437. What is the hundreds digit of n?
1
Let m(t) = -5*t**3 + 16*t**2 + 46*t - 40. Let s(c) = 11*c**3 - 31*c**2 - 93*c + 81. Let g(k) = 13*m(k) + 6*s(k). What is the tens digit of g(-19)?
8
Let f(w) = 3*w**2 - 2*w + 3. Let a be f(1). Suppose -q + a = -0. Suppose q*z + 7*z - 1386 = 0. What is the units digit of z?
6
Let y = -117 + 125. Suppose -6024 = -4*l - 5*c, -l - y*c + 1495 = -4*c. What is the units digit of l?
1
Let b(v) = 8*v**2 + 19*v + 37. Let h be b(-2). What is the hundreds digit of 7 - h/((-248)/3840)?
4
Let b be ((-2832)/(-20))/((-6)/(-40)). Suppose 15*r + b = 17*r. What is the hundreds digit of r?
4
Let h(m) = m**2 + 3*m - 23. Let z be h(4). Suppose 5*f - 4*f = -4*p + 336, -z*p = -5*f - 445. Suppose p = 10*l - 25. What is the units digit of l?
1
Let a = -5 - -4772. What is the units digit of a?
7
Suppose 15*d - 20*d = 2*y - 15, 4*d - 2*y = 30. What is the hundreds digit of (-3)/d - (-523152)/420?
2
Suppose -799 + 321 = -2*w - z, 988 = 4*w - 2*z. What is the units digit of w?
3
Let t(u) be the second derivative of 0 - 1/20*u**5 - 2*u + 9*u**2 + 13/12*u**4 - 11/6*u**3. What is the tens digit of t(12)?
3
Let j(u) = -494*u + 1215. What is the units digit of j(-20)?
5
Suppose 15590 = 4*w - 3*i, 0 = 3*w - 5*w - i + 7800. What is the tens digit of w?
9
Let d(m) = 42*m - 14. Let g(b) = 2*b**2 + 5*b + 5. Let t be g(-2). Let u be d(t). Suppose 6*l - u = 5*l. What is the hundreds digit of l?
1
Let y(p) = 5*p**3 - 40*p**2 + 69*p - 7. Let k(f) = f**3 - 10*f**2 + 17*f - 2. Let l(w) = -9*k(w) + 2*y(w). What is the units digit of l(-11)?
8
Suppose -515511 = -123*v + 48